 2*s + 26*s**3. Let k be o(-4). Suppose -23 = -k*c + 91. What is the tens digit of c?
5
Let w(u) be the second derivative of u**5/20 - 13*u**4/12 - 2*u**3 + 16*u**2 - 34*u - 1. What is the tens digit of w(17)?
8
Let s be 2 + 0*(-2)/4. Suppose -266 = -t + s*z, 4*t + 4*z - 833 - 171 = 0. What is the hundreds digit of t?
2
Let d be 7/(-28) + (-231)/(-12). Let v = d - 13. Suppose -p - 3*z = -1 - v, 21 = 2*p - z. What is the units digit of p?
0
Suppose -2*q + 1896 = q + 2*o, -2529 = -4*q - 3*o. Suppose 3*i - q = -2*t + 300, 0 = -i - 3*t + 317. What is the units digit of i?
8
Let v = -2282 + 1138. Let s = -771 - v. What is the tens digit of s?
7
Suppose -3*x = 3*b - 14514, 0 = -4*x - 506*b + 509*b + 19345. What is the hundreds digit of x?
8
Suppose -m - 68436 + 311588 = 12*m. What is the hundreds digit of m?
7
Suppose -f = -3*f - 94. Let i = -41 - f. What is the tens digit of (52/i)/(1/3)?
2
Suppose 5*c + 238 = -67. Suppose 2*g = 5*x - 502, 654*g + 294 = 3*x + 651*g. Let v = x - c. What is the hundreds digit of v?
1
Let s = -137 + 233. Let p = -58 + s. Let z = 39 - p. What is the units digit of z?
1
Suppose -19*w + 82517 = 2109. What is the units digit of w?
2
Let k be (-44 - -39)/(5/(-2)). Suppose 4*m - 1999 = -t - k*t, -4*t - 1964 = -4*m. What is the units digit of m?
6
Suppose 0 = 5*h - 2*h + 5*l - 15, 3*h - 45 = 5*l. Suppose h*g - 5*g = -180. What is the tens digit of (-3*8/g)/(1/57)?
3
Suppose 0 = 5*s - 5*q + 18490 - 67265, 3*s = 2*q + 29262. What is the tens digit of s?
5
Suppose 0 = 16*o - 14*o + 16. What is the hundreds digit of (64 - o/(-4))/(24/60)?
1
Suppose -4*r = -41 + 157. Let b = r + 155. Suppose -13*t = -11*t - b. What is the units digit of t?
3
Let m = 190 - 184. Let y(j) = 3*j**3 - 5*j**2 + 6*j + 23. What is the hundreds digit of y(m)?
5
Let l = 2526 - 6344. What is the units digit of (-90)/(-108) - l/12?
9
Suppose 0 = -t - 5*t. Suppose 4*x - 3*x = f + 56, t = 2*f + x + 118. Let b = f + 145. What is the tens digit of b?
8
What is the ten thousands digit of (-13 + (-36435)/(-4) + -12)/((-2)/(-8))?
3
Let s = 188 + -183. Suppose -y - 6*c + c = -1136, -s*y - c + 5800 = 0. What is the units digit of y?
1
Suppose 3*l = -2*l + 20. Let x = 529 + -517. Suppose l*h = x, 3*h - 107 = -2*f + 2*h. What is the tens digit of f?
5
Let i(m) = -m**3 + 9*m**2 - m + 15. Let r(v) = -2*v**3 + 18*v**2 - 2*v + 29. Let p(o) = 7*i(o) - 3*r(o). Let t = -433 + 441. What is the units digit of p(t)?
4
Let n(s) = -s**3 - 3*s - 15. Suppose -59 + 9 = -10*j. Suppose -5*l - 50 = j*p, -4*p + 2*l = -p + 5. What is the tens digit of n(p)?
2
Let b(a) = a**2 + 4*a - 24. Let g be b(6). Suppose -g*y + 35*y = -1334. What is the hundreds digit of y?
3
Let w(j) = -j**2 + 2*j + 345. Let y be w(0). Let a = 677 - y. What is the hundreds digit of a?
3
Suppose 0 = u - b - 5, 5*u - 17 = u + 3*b. Suppose -2*f + 4*f + u = 0. What is the tens digit of f - (1*-39)/((-1)/(-1))?
3
Let p = -27 + 48. Suppose 0 = -3*i - 12, -2*i = n - 5*n + 324. Let x = n + p. What is the tens digit of x?
0
Let j(d) = -4*d + 2*d - 2*d + 2*d + 4 - 2*d**3. Let k be j(3). What is the tens digit of ((-126)/k)/((-6)/(-272))?
0
Let h(a) be the first derivative of -a**4/4 + 11*a**3/3 + 9*a**2/2 - 29*a + 19. Let b be h(12). Let q = 123 + b. What is the tens digit of q?
5
Suppose -75*f + 1409501 + 3248490 = -16*f. What is the hundreds digit of f?
9
Let x(m) = 2*m**3 - 11*m**2 - 7*m + 26. Let b be ((-98)/(-147))/((-2)/(-30)). What is the tens digit of x(b)?
5
Let t(x) = x**2 + 46*x + 392. What is the tens digit of t(-97)?
3
What is the tens digit of ((-18)/14)/((-78)/19838)*614/6?
6
Let k = -2912 + 12109. What is the tens digit of k?
9
Let t = 725 + 1256. What is the thousands digit of t?
1
Let m be 768/144*(-234)/(-8). Suppose -5*i = z - 731, 3*i - 601 + m = z. What is the units digit of i?
7
Let t = -82235 + 119804. What is the ten thousands digit of t?
3
Let w be (7/(21/(-606)))/2. Let x be (-18)/(-12)*(-106)/3. Let t = x - w. What is the tens digit of t?
4
Let r(i) = 2*i**2 - 6*i + 38. Let x be r(9). Suppose 158 = -3*p + x. Let q(o) = -15*o - 27. What is the tens digit of q(p)?
3
Let a be 1/2 + (-9)/(-6). Let k be (-13)/4*(-88)/572*-8. What is the units digit of (2 + 0 + k)*(-53)/a?
3
Let q(z) = -2*z**3 + 29*z**2 + 19*z - 517. What is the ten thousands digit of q(-23)?
3
What is the units digit of ((-642)/535)/((-3)/17015)?
6
Let c = -83 - 309. Let y = -246 - c. What is the units digit of y?
6
Let t = 4913 + -1671. What is the tens digit of t?
4
Suppose 0 = -3*r - s + 51, 4*r + 7*s - 9*s - 78 = 0. Let b = 169 + r. What is the hundreds digit of b?
1
Suppose -1585827 = -118*n + 49*n. What is the units digit of n?
3
Let p(k) be the second derivative of -3*k**3/2 - 51*k**2/2 - 36*k. What is the units digit of p(-6)?
3
Let s = 232 - 170. Suppose 66*h - s*h = 820. What is the units digit of h?
5
Let p = -106 + 325. Suppose 16*h + 11 - p = 0. What is the tens digit of h?
1
Let y(z) = 3*z**3 + z**2 - z. Suppose -24*n + 22*n = -10. Suppose 0 = 4*b + r - 8, 2*b + b = n*r - 17. What is the units digit of y(b)?
3
Let b = -61 - -61. Let f be 3*-1 + (-1 - (-2 + b)). Let q(x) = -19*x**3 - 2*x**2 - 4*x - 3. What is the tens digit of q(f)?
4
Let k(i) = -3*i - 13. Let v = 171 + -176. What is the units digit of k(v)?
2
Let z be -14*(2 + 2 + (-30)/6). Suppose i = -z + 738. What is the tens digit of i?
2
Let k(l) = 2*l - 3. Suppose 0 = -2*w - 21 + 27. Let j be k(w). Suppose 3*q + 2*d = 35, j*q + 17 = -5*d + 46. What is the tens digit of q?
1
Let n = 9756 - 6998. What is the tens digit of n?
5
Suppose 50*z = 63*z - 42341. What is the units digit of z?
7
Let y = -25 + 29. Let f be 8*(49/y - (-2 - -6)). Let w = -31 + f. What is the tens digit of w?
3
Let x be ((-340)/6)/((-2)/(-6)). Suppose -4*t + 1065 = -5*d, 0 = t + 461*d - 463*d - 267. Let h = x + t. What is the units digit of h?
5
Let t(d) = d**3 + 40*d**2 - 126*d + 60. What is the ten thousands digit of t(-35)?
1
What is the ten thousands digit of (-58)/(8990/571671)*(-26 + 1)?
9
Suppose 0 = -20*o + 104670 + 84350. What is the tens digit of o?
5
Let f(o) = 47*o - 39. Let q be f(7). Suppose -13*v + q = -2206. Suppose x + 10 = 4*n + 73, -4*n - v = -4*x. What is the units digit of x?
3
Let q be (5 - 3 - 0)/((-2)/(-797)). Suppose 4*w + q = 8*w - 3*f, -5*f - 1000 = -5*w. Let y = w + -91. What is the hundreds digit of y?
1
Let f be (4/(-3))/(20/510). Let v = -69 - f. Let o = 101 - v. What is the tens digit of o?
3
Suppose 41 = -3*r - 2*b - 8, 3*b = -15. Let k be (0 - 6)/2 - r. Let i(d) = -d + 20. What is the units digit of i(k)?
0
Suppose 63 - 55 = 2*f. Let y(x) = 46*x + 10. What is the units digit of y(f)?
4
Let u be (-4 + 0)/2*40/(-16). Suppose -u*h + 4*r = -2*h + 9, 13 = -h - 2*r. What is the hundreds digit of -101*(-3 - (3 + h))*-1?
1
Let b = -15208 + 28773. What is the ten thousands digit of b?
1
Let k = -24619 - -52080. What is the thousands digit of k?
7
What is the units digit of 4*-7*(37 - 968)?
8
Suppose -6*b = 11932 - 53304 - 15280. What is the thousands digit of b?
9
Let d be 3/15 - (-3996)/45. Let f = d - 161. What is the tens digit of (-2372)/(-18) - 16/f?
3
What is the thousands digit of -4 - -6143 - (24 - 39)?
6
Let q(z) = 2*z**3 - 18*z**2 - 174*z - 116. What is the ten thousands digit of q(23)?
1
What is the thousands digit of (3 + (-7 - -8598))*2?
7
Let x(r) be the second derivative of -r**4/12 - 7*r**3/6 - 9*r**2 - 8*r. Let w be x(-4). Let y(n) = -36*n - 26. What is the tens digit of y(w)?
9
Let u be (-49 - -56) + 5*(0 + -1). Suppose -72 = -x + 4*o, u*x - 189 = -o - 63. What is the units digit of x?
4
Suppose -3*b + 945091 = 34*b. What is the thousands digit of b?
5
Suppose -73 - 51 = 4*d. Suppose 4*b - 211 = 3*s, 0 = -b - b + 2*s + 108. Let j = b + d. What is the units digit of j?
8
Let q(x) = -x**3 - 11*x**2 - 6*x + 42. Let c be q(-10). Suppose o - 2370 = -3*v, -6*v - 3949 = -11*v - c*o. What is the units digit of v?
1
Let a be (-2675)/9 - 4/(-18). Let c = 498 + a. Let y = c + -91. What is the units digit of y?
0
Let c(v) = 3*v**2 + 9*v + 33. Let d be c(-11). Suppose 0 = 3*l + 2*u - 4*u - 223, 0 = 4*l - 3*u - d. What is the tens digit of l?
7
Suppose -12133 + 1603 = -5*l. What is the units digit of l?
6
Let c(y) = -27*y**3 + 8*y**2 + 87*y + 10. What is the tens d